et u be -1 + (-2)/(-1) + -1. Suppose -70 = -m - m. Calculate the remainder when m is divided by -18*((-6)/9 - u).
11
What is the remainder when 61 is divided by 0 + -2 + (7 - (2 + -5))?
5
Let p(i) = 0 + 6 + i + 0*i. What is the remainder when p(7) is divided by (36/27)/(2/6)?
1
Let f be (-4)/10 + (-429)/15. Let s = f - 5. Let h = s - -71. Calculate the remainder when h is divided by 13.
11
Let g = 8 + -5. Suppose 0*h - g*h = -84. Suppose -5*q + q = -h. What is the remainder when q is divided by 3?
1
Let c(a) = 37*a**2 - 1. Let n be c(2). Suppose -2*p - 3*m - 122 = -6*p, -5*p + m + n = 0. What is the remainder when p is divided by 8?
5
What is the remainder when 4*30/8*1 is divided by 38/6 + (-11 - -5)/18?
3
Let a(f) = f**3 - 8*f**2 - f + 9. Let u be a(8). Let m(x) = 23*x**2 + x - 1. Let i = 16 - 4. What is the remainder when m(u) is divided by i?
11
Suppose -4*m = -5*j - m + 616, 3*m = 2*j - 250. What is the remainder when j is divided by 25?
22
Let s = -17 - -21. What is the remainder when 63 is divided by s?
3
Let d = 2 - -3. Calculate the remainder when d is divided by 3.
2
Let i(d) = -4*d - 3. Suppose -3*q = v + 18, -2*v + 3*q = -14 + 5. What is the remainder when i(v) is divided by 3?
0
Suppose -157*d = -153*d - 84. Calculate the remainder when (-4)/10 - 412/(-5) is divided by d.
19
Let u be ((-3)/(-1) + -1)*-1. Let z be 6/(-1 + u) + 41. Suppose 0 = 4*c - z - 9. Calculate the remainder when c is divided by 7.
5
Suppose -4*f = -33 - 75. Suppose -13 = -4*z + f. What is the remainder when 29 is divided by z?
9
Let r be (-1)/(-1) + (5 - 0). Suppose -11*p = -13*p + r. Calculate the remainder when 4 is divided by p.
1
Let h(c) = -23*c - 2. Calculate the remainder when 73 is divided by h(-1).
10
Suppose -d + 8 = -0*d. What is the remainder when 23 is divided by d?
7
Let y(b) = b**2 + 2 + 3*b - 3*b. Let x be y(-5). What is the remainder when 7 is divided by x/6 + 1/(-2)?
3
Suppose 2*i + 15 = 5, 2*c + i - 49 = 0. Calculate the remainder when 2*3/(-2) + 82 is divided by c.
25
Let o = -105 + 130. Suppose -5*s + 253 + 119 = v, -s = 4*v - 82. What is the remainder when s is divided by o?
24
Suppose -19 = -3*x - 2*q, 0 = -6*x + 4*x - 5*q + 9. What is the remainder when 21 is divided by x?
0
Suppose -3*l + 4 + 32 = 0. What is the remainder when 35 is divided by l?
11
Suppose 1 = -h + 22. Calculate the remainder when h is divided by (-4)/6 + 104/12.
5
Suppose -5*z + 6*z = 0. Suppose z = -3*j - 0*j + 33. Calculate the remainder when j is divided by 6.
5
Let z = 1 + 3. Suppose z*b = -3*y + 80, y = 3 + 1. Calculate the remainder when 49 is divided by b.
15
Suppose -s + 0*s = -175. Suppose -5*p + s = 2*h, -p + 4*h - 16 + 73 = 0. What is the remainder when p is divided by (-1)/((-1)/(-57)*-3)?
18
Let t(u) = u**2 + 2. Calculate the remainder when 7/((-21)/(-165)) + -2 is divided by t(-4).
17
Let z(b) = -b**2 - 12*b - 8. Let d be z(-11). Suppose -59 = -2*m + 3*y - 2*y, d = y. Calculate the remainder when m is divided by 17.
14
Let t = 10 + 18. Let q(a) = 2*a - 5*a + 9*a**2 + 0*a**3 + a**3 + 5 - 8*a. Calculate the remainder when t is divided by q(-10).
13
Suppose 20 = 5*p, -4*c + 7*p - 2*p = -60. Calculate the remainder when (190/(-15))/(2/(-6)) is divided by c.
18
Let l(q) = 7*q**2 - 5*q - 1. Let d be l(5). Let z = 0 + 5. Suppose -z*r + d = -2*f, 2*r + 2*f - 48 = -3*f. What is the remainder when r is divided by 15?
14
Let r(v) = -v. Let p be r(-2). Suppose -3*f - 1 + 11 = -2*w, -5*f + 22 = -p*w. Let j(z) = -11*z. Calculate the remainder when j(-1) is divided by f.
5
Calculate the remainder when 41 is divided by -11*((-4)/1 - -2).
19
Suppose 8 = 4*y - 2*y, -4*y = -5*i + 134. Suppose -2*p = -0*p - i. Calculate the remainder when p is divided by 4.
3
Let m(o) = 31*o**2 - o. Suppose -b + 6 = b, -2*b = 3*x - 183. What is the remainder when x is divided by m(1)?
29
Let w(k) = -k**3 + 3*k**2 + 4*k + 3. What is the remainder when 57 is divided by w(-2)?
12
Let v = -28 + 56. What is the remainder when 111 is divided by v?
27
Let l(k) = 61*k**2 - k + 1. What is the remainder when l(1) is divided by 16?
13
Suppose 11 + 9 = 2*m. What is the remainder when 39 is divided by m?
9
Suppose -w - 3 = -2*w, 3*z + 4*w = 42. Suppose 166 = 4*m + z. Calculate the remainder when m is divided by 10.
9
Let v(h) = -2*h**2 + 21*h - 18. Let c(y) = 13*y - 1. What is the remainder when c(5) is divided by v(8)?
20
Let s(l) = -875*l - 3. Let g be s(-1). Suppose 4*p = -2 + 10, 4*p = q + 9. Calculate the remainder when q/(-5) - g/(-40) is divided by 8.
6
Let p(b) = -b**3 + 5*b**2 - b - 5. Let x be p(4). Let z = -7 + x. Suppose 8 + z = i. What is the remainder when 22 is divided by i?
6
Let n = 89 + 12. Calculate the remainder when n is divided by 152/6 + (-6)/(-9).
23
Let c be (-2 - (3 + -4)) + 0. Suppose 2*s - 25 = -k, 2*s = -s - 4*k + 30. What is the remainder when (c - 4)*(-54)/5 is divided by s?
12
Let z = -8 - -13. Suppose -3*d = -z*a - 44, d + a - 28 = 6*a. Suppose 4*m = -2*y + 50, 8 = -y - 5*m + 36. Calculate the remainder when y is divided by d.
7
Let i = -120 + 141. Let y(v) = -2*v**3 - 6*v**2 - 3*v - 4. Calculate the remainder when y(-4) is divided by i.
19
Let a(w) = -w - 5. Let n be a(-5). Suppose 3*f - 22 = -k, -4*f - 2*k + 20 + 10 = n. Calculate the remainder when 26 is divided by f.
5
Let v = 7 + -3. Suppose 3*y + g + g - 31 = 0, -g = -5. Suppose v*w = o + 19, -2*w + 2*o + o + y = 0. What is the remainder when 8 is divided by w?
3
Suppose 210 = 2*y + 4*y. Calculate the remainder when 104 is divided by y.
34
Let a(h) = -h**3 + 3*h - 2. Suppose 0 = 6*g - 4*g - 34. Calculate the remainder when a(-4) is divided by g.
16
Suppose -47 + 5 = -3*c. Suppose -3*g - 6 = 0, 0*u = 2*u - 4*g - 62. Calculate the remainder when u is divided by c.
13
Let a = 213 - 209. Suppose -7*j + 56 = -3*j. Calculate the remainder when j is divided by a.
2
Let i = 39 - 14. Suppose -5*b - 5*r + 365 = 0, -4*b - r + 2*r = -297. Calculate the remainder when b is divided by i.
24
What is the remainder when (-2)/5*(-195)/6 is divided by 9?
4
Let m = 32 - 12. Calculate the remainder when m is divided by 6.
2
Suppose -5*f = 3*d - 54, -f + 18 = d - 2. What is the remainder when 43 is divided by d?
20
Suppose 6*o = 2*d + 2*o, 0 = 5*o. Suppose d = -6*i + i + 350. Calculate the remainder when i is divided by 24.
22
Suppose 3*g = 11 + 4. Suppose 2 + g = n. What is the remainder when n is divided by 2?
1
Suppose 3*c + 3*g + 60 = 0, -c + 80 = -6*c + 5*g. Suppose 0 = s + 2, -3*s - 61 = 5*m - 5*s. Let u = m - c. Calculate the remainder when 13 is divided by u.
3
Let v be (-2)/(-3)*(3 + 0). Suppose -v*g + 7 = -g. Let h = g + 1. Calculate the remainder when h is divided by 3.
2
Let v(a) = a**3 + 5*a**2 - 6*a + 5. Let x be v(-6). Suppose 56 + 64 = x*d. What is the remainder when d is divided by 13?
11
Let m = -54 - -84. Let d = -13 + m. Calculate the remainder when d is divided by 9.
8
Suppose 7*c - 14 = f + 2*c, -10 = 2*f - 4*c. Calculate the remainder when 2 is divided by f.
0
Let t(p) = p**3 + p**2 - p + 2. Let s be t(-2). Suppose s = 2*w - 4*l + 2, 0 = 3*w - l + 6 - 3. Let d = 15 + w. Calculate the remainder when d is divided by 8.
6
What is the remainder when 1/(-2)*-116 + -4 is divided by 11?
10
Let r(t) = t**3 - 3*t**2 - 2*t - 4. Let v be r(4). Suppose -28 = -w + a, -56 = v*w - 7*w - 4*a. Calculate the remainder when 94 is divided by w.
22
Let z = -52 - -105. What is the remainder when z is divided by 11?
9
Let n = 30 - 2. Let u = 60 - 45. Calculate the remainder when n is divided by u.
13
Suppose -3*l - 12 = 3*v, 3*v - 5*l = -25 + 5. Let o(d) = -5*d - 5. What is the remainder when o(v) is divided by 11?
9
Suppose 8*f - 63 = -f. Calculate the remainder when 34 is divided by f.
6
Let v = 12 - 10. Calculate the remainder when -53*(-1 - (v + -2)) is divided by 18.
17
Let t = 25 - -8. What is the remainder when 164 is divided by t?
32
Let r be (-9)/(-6)*(3 + 7). Let v = 39 - r. Calculate the remainder when v is divided by 16 - 3/(1/1).
11
Calculate the remainder when (14/(-21))/(1/(-90)) is divided by 9.
6
Let s = -7 + 12. Let n(w) = w + 7. Calculate the remainder when 22 is divided by n(s).
10
Let w be (-1)/2*(1 - 9). Suppose 4 = w*o - 4. What is the remainder when o is divided by 2?
0
Calculate the remainder when (-11 - 1